{"id":9373,"date":"2025-05-28T13:44:49","date_gmt":"2025-05-28T12:44:49","guid":{"rendered":"https:\/\/www.extensionmania.com\/tienda\/?post_type=product&#038;p=9373"},"modified":"2026-02-11T16:06:51","modified_gmt":"2026-02-11T15:06:51","slug":"set-cuidados-exm-champu-01-tormenta-puffy-bag-mint","status":"publish","type":"product","link":"https:\/\/www.extensionmania.com\/tienda\/producto\/set-cuidados-exm-champu-01-tormenta-puffy-bag-mint\/","title":{"rendered":"Set cuidados EXM champ\u00fa con 01.TORMENTA + Puffy Bag Mint"},"content":{"rendered":"<h3 data-start=\"1507\" data-end=\"1607\">\ud83c\udf38 Set de cuidados EXM Fortalecedor + Hidrataci\u00f3n: un combo imbatible para cabellos tratados \ud83d\udcaa\ud83d\udca7<\/h3>\n<p data-start=\"1609\" data-end=\"1834\">Si llevas extensiones, color o tu melena necesita una dosis de fuerza y mimos, este set es para ti. El <strong data-start=\"1712\" data-end=\"1746\">Set de cuidados EXM Fortalecedor + Hidrataci\u00f3n<\/strong> combina limpieza profunda, nutrici\u00f3n intensa y reparaci\u00f3n antirotura.<\/p>\n<h4 data-start=\"1836\" data-end=\"1854\">\u00bfQu\u00e9 incluye?<\/h4>\n<p data-start=\"1856\" data-end=\"2017\">\ud83c\udf00 <a href=\"https:\/\/www.extensionmania.com\/tienda\/producto\/champu-extensiones-cabello\/\"><strong data-start=\"564\" data-end=\"598\">Champ\u00fa purificante 01.TORMENTA<\/strong><\/a><br data-start=\"1893\" data-end=\"1896\" \/>Detoxifica sin resecar. Ideal para usar una vez a la semana como reset capilar, eliminando restos de productos y toxinas.<\/p>\n<p data-start=\"2019\" data-end=\"2180\">\ud83c\udf2c\ufe0f <a href=\"https:\/\/www.extensionmania.com\/tienda\/producto\/balsamo-regenerador-con-proteccion-termica\/\"><strong data-start=\"753\" data-end=\"785\">B\u00e1lsamo calmante 11.BOREAL<\/strong><\/a><br data-start=\"2052\" data-end=\"2055\" \/>Acondiciona sin aclarado que reestructura sin apelmazar. Protege frente a agresores externos y deja el cabello suave, manejable y brillante.<\/p>\n<p data-start=\"2182\" data-end=\"2341\">\u2728 <a href=\"https:\/\/www.extensionmania.com\/tienda\/producto\/serum-oil-exm-para-cabello-con-extensiones-12-luna-roja\/\"><strong data-start=\"930\" data-end=\"966\">S\u00e9rum regenerador 12.LUNA ROJA<\/strong><\/a><br data-start=\"2219\" data-end=\"2222\" \/>Sellador de puntas que combate el frizz, protege del sol y repara da\u00f1os. Ideal para extensiones y cabellos debilitados.<\/p>\n<p data-start=\"2343\" data-end=\"2490\">\ud83d\udc5c <strong data-start=\"2346\" data-end=\"2374\">Puffy Bag EXTENSIONmania<\/strong><br data-start=\"2374\" data-end=\"2377\" \/>Incluida totalmente gratis. Disponible en tonos pastel irresistibles. Pr\u00e1ctica, ligera y \u00a1muy Instagram-friendly!<\/p>\n<p data-start=\"2492\" data-end=\"2594\">\ud83d\udca1 Este combo es tu mejor aliado para lucir un cabello fuerte, sano y radiante durante todo el verano.<\/p>\n<p data-start=\"2596\" data-end=\"2659\">\ud83d\uded2 <strong data-start=\"2599\" data-end=\"2659\">No lo dejes escapar. Stock limitado con regalo incluido.<\/strong><\/p>\n","protected":false},"excerpt":{"rendered":"<p>\ud83c\udf38 Set de cuidados EXM Fortalecedor + Hidrataci\u00f3n: un combo imbatible para cabellos tratados \ud83d\udcaa\ud83d\udca7 Si llevas extensiones, color o tu melena necesita una dosis de fuerza y mimos, este set es para ti. El Set de cuidados EXM Fortalecedor + Hidrataci\u00f3n combina limpieza profunda, nutrici\u00f3n intensa y reparaci\u00f3n antirotura. \u00bfQu\u00e9 incluye? \ud83c\udf00 Champ\u00fa purificante [&hellip;]<\/p>\n","protected":false},"featured_media":10234,"comment_status":"open","ping_status":"closed","template":"","meta":[],"product_brand":[],"product_cat":[227,20],"product_tag":[],"class_list":{"0":"post-9373","1":"product","2":"type-product","3":"status-publish","4":"has-post-thumbnail","6":"product_cat-pack-cuidados","7":"product_cat-cuidado-del-cabello","9":"first","10":"instock","11":"sale","12":"taxable","13":"shipping-taxable","14":"purchasable","15":"product-type-simple"},"_links":{"self":[{"href":"https:\/\/www.extensionmania.com\/tienda\/wp-json\/wp\/v2\/product\/9373","targetHints":{"allow":["GET"]}}],"collection":[{"href":"https:\/\/www.extensionmania.com\/tienda\/wp-json\/wp\/v2\/product"}],"about":[{"href":"https:\/\/www.extensionmania.com\/tienda\/wp-json\/wp\/v2\/types\/product"}],"replies":[{"embeddable":true,"href":"https:\/\/www.extensionmania.com\/tienda\/wp-json\/wp\/v2\/comments?post=9373"}],"version-history":[{"count":0,"href":"https:\/\/www.extensionmania.com\/tienda\/wp-json\/wp\/v2\/product\/9373\/revisions"}],"wp:featuredmedia":[{"embeddable":true,"href":"https:\/\/www.extensionmania.com\/tienda\/wp-json\/wp\/v2\/media\/10234"}],"wp:attachment":[{"href":"https:\/\/www.extensionmania.com\/tienda\/wp-json\/wp\/v2\/media?parent=9373"}],"wp:term":[{"taxonomy":"product_brand","embeddable":true,"href":"https:\/\/www.extensionmania.com\/tienda\/wp-json\/wp\/v2\/product_brand?post=9373"},{"taxonomy":"product_cat","embeddable":true,"href":"https:\/\/www.extensionmania.com\/tienda\/wp-json\/wp\/v2\/product_cat?post=9373"},{"taxonomy":"product_tag","embeddable":true,"href":"https:\/\/www.extensionmania.com\/tienda\/wp-json\/wp\/v2\/product_tag?post=9373"}],"curies":[{"name":"wp","href":"https:\/\/api.w.org\/{rel}","templated":true}]}}