{"id":917,"date":"2022-05-02T11:50:20","date_gmt":"2022-05-02T10:50:20","guid":{"rendered":"https:\/\/www.extensionmania.com\/?post_type=product&#038;p=917"},"modified":"2026-04-28T09:11:04","modified_gmt":"2026-04-28T07:11:04","slug":"new-coleta-glow-fibra-super-xl","status":"publish","type":"product","link":"https:\/\/www.extensionmania.com\/tienda\/producto\/new-coleta-glow-fibra-super-xl\/","title":{"rendered":"Coleta extra larga de fibra Glow S\u00faper XL 65 cm"},"content":{"rendered":"\t\t<div data-elementor-type=\"product-post\" data-elementor-id=\"917\" class=\"elementor elementor-917\" data-elementor-post-type=\"product\">\n\t\t\t\t\t\t<section class=\"elementor-section elementor-top-section elementor-element elementor-element-1163018f elementor-section-boxed elementor-section-height-default elementor-section-height-default\" data-id=\"1163018f\" data-element_type=\"section\" data-e-type=\"section\">\n\t\t\t\t\t\t<div class=\"elementor-container elementor-column-gap-default\">\n\t\t\t\t\t<div class=\"elementor-column elementor-col-100 elementor-top-column elementor-element elementor-element-187ea86c\" data-id=\"187ea86c\" data-element_type=\"column\" data-e-type=\"column\">\n\t\t\t<div class=\"elementor-widget-wrap elementor-element-populated\">\n\t\t\t\t\t\t<div class=\"elementor-element elementor-element-6fb96420 elementor-widget elementor-widget-text-editor\" data-id=\"6fb96420\" data-element_type=\"widget\" data-e-type=\"widget\" data-widget_type=\"text-editor.default\">\n\t\t\t\t<div class=\"elementor-widget-container\">\n\t\t\t\t\t\t\t\t\t<p style=\"text-align: justify;\">Despu\u00e9s de su exitosa versi\u00f3n <a href=\"https:\/\/www.extensionmania.com\/tienda\/producto\/coleta-fibra-glow-xl\/\">Coleta de fibra\u00a0 XL de 50 cms<\/a> hemos reeditado una nueva versi\u00f3n <strong>Glow<\/strong>\u00a0<b>S\u00faper<\/b><strong>\u00a0XL de<\/strong>\u00a0<strong>65 cms de largo<\/strong>.<\/p><p style=\"text-align: justify;\">\u00a1Consigue un peinado incre\u00edble en un abrir y cerrar de ojos! Sin duda, la coleta extra larga de fibra s\u00faper <strong>XL<\/strong> de EXTENSIONmania, ser\u00e1 tu aliada para lucir un peinado impecable en cuesti\u00f3n se segundos.<\/p><p style=\"text-align: justify;\">Esta coleta es s\u00faper f\u00e1cil de colocar y queda muy natural, al igual que todas las <a href=\"https:\/\/www.extensionmania.com\/tienda\/categoria-producto\/coletas-recogidos-y-flequillos-de-clip\/\">coletas, coleteros y flequillos<\/a>. Adem\u00e1s, incorpora un coletero autom\u00e1tico que mantiene el peinado perfecto durante todo el d\u00eda.<span style=\"color: var( --e-global-color-text ); font-family: var( --e-global-typography-text-font-family ), Sans-serif; font-weight: var( --e-global-typography-text-font-weight );\">El final de la coleta, es ligeramente ondulado para darle a tu estilo un aire sofisticado, tanto si decides llevarla con coleta alta, baja o de lado. Este accesorio se adapta a tu estilo elevando tu look en cuesti\u00f3n de minutos.\u00a0<\/span><span style=\"color: var( --e-global-color-text ); font-family: var( --e-global-typography-text-font-family ), Sans-serif; font-weight: var( --e-global-typography-text-font-weight );\">En este v\u00eddeo ver\u00e1s lo sencillo que es colocar este accesorio.<\/span><\/p><p style=\"text-align: justify;\"><a href=\"https:\/\/www.youtube.com\/watch?v=wJDWADGd1OQ\">\u00a0<img fetchpriority=\"high\" decoding=\"async\" class=\"aligncenter\" src=\"https:\/\/www.extensionmania.com\/wp-content\/uploads\/sites\/2\/2022\/11\/tutorial-coleta-glow-fibra-xl-extensionmania.jpg\" alt=\"\" width=\"404\" height=\"273\" \/><\/a><\/p><p>Todas las extensiones de cabello de EXTENSIONmania est\u00e1n realizadas con <strong>fibra\u00a0mate con memoria<\/strong>. Eso significa que tienen un brillo es natural que se adapta perfectamente al brillo de tu cabello. El efecto memoria de la fibra es una tecnolog\u00eda patentada que\u00a0recupera su forma sin necesidad de peinar.<\/p><p>I<b>mportante:<\/b> antes de lavar retira el coletero, lava tu accesorio con champ\u00fa espec\u00edfico y agua fr\u00eda y deja secar al aire. Una vez seca la forma ondulada de la coleta se mantiene sin necesidad de usar herramientas de calor. La fibra no se puede te\u00f1ir y tampoco se pueden usar herramientas de calor como plancha y\/o secadores.<\/p><p>En EXTENSIONmania proporcionamos un sistema de coloraci\u00f3n adaptable de varios tonos, que ayuda a que las extensiones se mezclen perfectamente con tu cabello, incluso si tu propio tono de cabello es ligeramente diferente.<\/p><p><b>Si tienes dudas a la hora de elegir el color, env\u00edanos una foto de espaldas de tu melena a la luz del d\u00eda a nuestro <a href=\"https:\/\/api.whatsapp.com\/send\/?phone=34638132845&amp;text&amp;type=phone_number&amp;app_absent=0\">whatsapp<\/a> o <a href=\"mailto:info@extensionmania.com\">info@extensionmania.com<\/a> y una estilista especializada te atender\u00e1 personalmente para resolver todas tus dudas.<\/b><\/p><hr \/><h2>Ficha t\u00e9cnica<\/h2><p><span style=\"color: #9e8b66;\"><strong>COMPOSICI\u00d3N:<\/strong><\/span> Fibra memoria<\/p><p><span style=\"color: #9e8b66;\"><strong>SISTEMA:<\/strong><\/span> Peineta y coletero de fibra autom\u00e1tico<\/p><p><span style=\"color: #9e8b66;\"><strong>LARGO:<\/strong><\/span> 60 cent\u00edmetros<\/p><p><strong><span style=\"color: #9e8b66;\">PESO:<\/span> <\/strong>80 gramos<\/p><p><span style=\"color: #9e8b66;\"><strong>GARANT\u00cdA:<\/strong><\/span><br \/><strong>M\u00e1xima calidad:<\/strong> Fibra efecto memoria con tecnolog\u00eda patentada recupera su forma sin necesidad de peinar. En EXTENSIONmania aseguramos que cada accesorio ha sido perfectamente dise\u00f1ado y testado para superar tus expectativas. \u00bfSab\u00edas que todas las colecciones son combinables entre s\u00ed? Si deseas una melena m\u00e1s frondosa puedes adquirir otros accesorios.<\/p><p><span style=\"color: #9e8b66;\"><strong>DURABILIDAD:<\/strong><\/span> La durabilidad de la fibra adquirida depender\u00e1 del cuidado y manejo diario que realices, por lo que cuanto m\u00e1s sigas nuestros consejos m\u00e1s posibilidades tendr\u00e1s de alargar la vida de tu accesorio.<\/p><p><span style=\"color: #9e8b66;\"><strong>CUIDADOS:<\/strong><\/span><\/p><p><strong style=\"color: var( --e-global-color-text ); font-family: var( --e-global-typography-text-font-family ), Sans-serif;\">Cepillado:<\/strong><span style=\"color: var( --e-global-color-text ); font-family: var( --e-global-typography-text-font-family ), Sans-serif; font-weight: var( --e-global-typography-text-font-weight );\"> Desenreda y cepilla el cabello frecuentemente. Es aconsejable desenredar el cabello de medios a puntas cuando est\u00e9 completamente seco y antes de lavarlo. Para evitar tirones, desenreda siempre tu melena con el cepillo EXTENSIONmania\u00a0<\/span><strong style=\"color: var( --e-global-color-text ); font-family: var( --e-global-typography-text-font-family ), Sans-serif;\"><a href=\"https:\/\/www.extensionmania.com\/tienda\/producto\/cepillo-extensiones-profesional-06-vortice-tamano-grande\/\">06.V\u00d3RTICE<\/a> <\/strong><span style=\"color: var( --e-global-color-text ); font-family: var( --e-global-typography-text-font-family ), Sans-serif; font-weight: var( --e-global-typography-text-font-weight );\">ya que es el \u00fanico que permite cepillar desde la ra\u00edz.<\/span><\/p><p><strong>Lavado:<\/strong> Lava la coleta\u00a0cuando no la lleves colocada, sin frotar, con agua fr\u00eda y champ\u00fa neutro\u00a0<a href=\"https:\/\/www.extensionmania.com\/tienda\/producto\/champu-extensiones-cabello\/\"><strong><span style=\"color: windowtext;\">01.TORMENTA<\/span><\/strong><\/a>. Aplica <a href=\"https:\/\/www.extensionmania.com\/tienda\/producto\/mascarilla-especial-extensiones\/\"><strong><span style=\"color: windowtext;\">02.ECLIPSE<\/span><\/strong><\/a>\u00a0con\u00a0cuidado, peinar suavemente si lo ves necesario y aclarar. Dejar secar al aire.\u00a0No usar herramientas de calor como secador o plancha. No se puede te\u00f1ir.<\/p><p><span style=\"color: #9e8b66;\"><strong>INDICACIONES:<\/strong><\/span> Por motivos de higiene no aceptamos cambios y\/o devoluciones de las extensiones y\/o accesorios de cabello natural o fibra. No obstante, si al recibir tu accesorio no encaja con tus expectativas dispones de 14 d\u00edas contados desde la fecha de entrega para devolverlo en el mismo estado. M\u00e1s informaci\u00f3n en <a href=\"https:\/\/www.extensionmania.com\/envio-y-devoluciones\/\">env\u00edos y devoluciones<\/a><\/p>\t\t\t\t\t\t\t\t<\/div>\n\t\t\t\t<\/div>\n\t\t\t\t\t<\/div>\n\t\t<\/div>\n\t\t\t\t\t<\/div>\n\t\t<\/section>\n\t\t\t\t<\/div>\n\t\t","protected":false},"excerpt":{"rendered":"<p style=\"font-size: 18px;\"><strong>Luce una<em> pony tail<\/em> al instante con la coleta de fibra S\u00faper XL Glow de 65 cm<\/strong><\/p>\n<p style=\"font-size: 18px;\">Con una longitud impresionante, esta coleta ofrece una sujeci\u00f3n \u00f3ptima y un aspecto natural gracias a su coletero autom\u00e1tico y malla resistente. Agrega volumen y longitud en segundos con nuestra coleta de fibra <em>premium<\/em> de calidad insuperable.<\/p>\n<p style=\"font-size: 18px;\"><strong>TIP EXTRA:<\/strong><\/p>\n<p style=\"font-size: 18px;\">Gracias a su coletero autom\u00e1tico se adapta para coletas altas, medias, bajas o de lado. \u00a1Pru\u00e9balo!<\/p>\n","protected":false},"featured_media":959,"comment_status":"open","ping_status":"closed","template":"","meta":[],"product_brand":[],"product_cat":[122,219],"product_tag":[],"class_list":{"0":"post-917","1":"product","2":"type-product","3":"status-publish","4":"has-post-thumbnail","6":"product_cat-coletas-recogidos-y-flequillos-de-clip","7":"product_cat-coletas-y-monos","8":"pa_color-12-22f-laurus-nobilis","9":"pa_color-16f-sesamo-arabe","10":"pa_color-18-24f-boswellia-sacra","11":"pa_color-1f-trufa-brumale","12":"pa_color-22f-flor-de-vainilla","13":"pa_color-2f-grifonia-indigena","14":"pa_color-4f-brownie-ingles","15":"pa_color-6-22f-anis-persa","16":"pa_color-6-4f-piper-nigrum","17":"pa_color-6f-anis-estrellado","19":"first","20":"instock","21":"sale","22":"taxable","23":"shipping-taxable","24":"purchasable","25":"product-type-variable"},"_links":{"self":[{"href":"https:\/\/www.extensionmania.com\/tienda\/wp-json\/wp\/v2\/product\/917","targetHints":{"allow":["GET"]}}],"collection":[{"href":"https:\/\/www.extensionmania.com\/tienda\/wp-json\/wp\/v2\/product"}],"about":[{"href":"https:\/\/www.extensionmania.com\/tienda\/wp-json\/wp\/v2\/types\/product"}],"replies":[{"embeddable":true,"href":"https:\/\/www.extensionmania.com\/tienda\/wp-json\/wp\/v2\/comments?post=917"}],"version-history":[{"count":0,"href":"https:\/\/www.extensionmania.com\/tienda\/wp-json\/wp\/v2\/product\/917\/revisions"}],"wp:featuredmedia":[{"embeddable":true,"href":"https:\/\/www.extensionmania.com\/tienda\/wp-json\/wp\/v2\/media\/959"}],"wp:attachment":[{"href":"https:\/\/www.extensionmania.com\/tienda\/wp-json\/wp\/v2\/media?parent=917"}],"wp:term":[{"taxonomy":"product_brand","embeddable":true,"href":"https:\/\/www.extensionmania.com\/tienda\/wp-json\/wp\/v2\/product_brand?post=917"},{"taxonomy":"product_cat","embeddable":true,"href":"https:\/\/www.extensionmania.com\/tienda\/wp-json\/wp\/v2\/product_cat?post=917"},{"taxonomy":"product_tag","embeddable":true,"href":"https:\/\/www.extensionmania.com\/tienda\/wp-json\/wp\/v2\/product_tag?post=917"}],"curies":[{"name":"wp","href":"https:\/\/api.w.org\/{rel}","templated":true}]}}

Coleta extra larga de fibra Glow Súper XL 65 cm

<div data-elementor-type="product-post" data-elementor-id="917" class="elementor elementor-917" data-elementor-post-type="product">
						<section class="elementor-section elementor-top-section elementor-element elementor-element-1163018f elementor-section-boxed elementor-section-height-default elementor-section-height-default" data-id="1163018f" data-element_type="section" data-e-type="section">
						<div class="elementor-container elementor-column-gap-default">
					<div class="elementor-column elementor-col-100 elementor-top-column elementor-element elementor-element-187ea86c" data-id="187ea86c" data-element_type="column" data-e-type="column">
			<div class="elementor-widget-wrap elementor-element-populated">
						<div class="elementor-element elementor-element-6fb96420 elementor-widget elementor-widget-text-editor" data-id="6fb96420" data-element_type="widget" data-e-type="widget" data-widget_type="text-editor.default">
				<div class="elementor-widget-container">
									<p style="text-align: justify;">Después de su exitosa versión <a href="https://www.extensionmania.com/tienda/producto/coleta-fibra-glow-xl/">Coleta de fibra  XL de 50 cms</a> hemos reeditado una nueva versión <strong>Glow</strong> <b>Súper</b><strong> XL de</strong> <strong>65 cms de largo</strong>.</p><p style="text-align: justify;">¡Consigue un peinado increíble en un abrir y cerrar de ojos! Sin duda, la coleta extra larga de fibra súper <strong>XL</strong> de EXTENSIONmania, será tu aliada para lucir un peinado impecable en cuestión se segundos.</p><p style="text-align: justify;">Esta coleta es súper fácil de colocar y queda muy natural, al igual que todas las <a href="https://www.extensionmania.com/tienda/categoria-producto/coletas-recogidos-y-flequillos-de-clip/">coletas, coleteros y flequillos</a>. Además, incorpora un coletero automático que mantiene el peinado perfecto durante todo el día.<span style="color: var( --e-global-color-text ); font-family: var( --e-global-typography-text-font-family ), Sans-serif; font-weight: var( --e-global-typography-text-font-weight );">El final de la coleta, es ligeramente ondulado para darle a tu estilo un aire sofisticado, tanto si decides llevarla con coleta alta, baja o de lado. Este accesorio se adapta a tu estilo elevando tu look en cuestión de minutos. </span><span style="color: var( --e-global-color-text ); font-family: var( --e-global-typography-text-font-family ), Sans-serif; font-weight: var( --e-global-typography-text-font-weight );">En este vídeo verás lo sencillo que es colocar este accesorio.</span></p><p style="text-align: justify;"><a href="https://www.youtube.com/watch?v=wJDWADGd1OQ"> <img fetchpriority="high" decoding="async" class="aligncenter" src="https://www.extensionmania.com/wp-content/uploads/sites/2/2022/11/tutorial-coleta-glow-fibra-xl-extensionmania.jpg" alt="" width="404" height="273" /></a></p><p>Todas las extensiones de cabello de EXTENSIONmania están realizadas con <strong>fibra mate con memoria</strong>. Eso significa que tienen un brillo es natural que se adapta perfectamente al brillo de tu cabello. El efecto memoria de la fibra es una tecnología patentada que recupera su forma sin necesidad de peinar.</p><p>I<b>mportante:</b> antes de lavar retira el coletero, lava tu accesorio con champú específico y agua fría y deja secar al aire. Una vez seca la forma ondulada de la coleta se mantiene sin necesidad de usar herramientas de calor. La fibra no se puede teñir y tampoco se pueden usar herramientas de calor como plancha y/o secadores.</p><p>En EXTENSIONmania proporcionamos un sistema de coloración adaptable de varios tonos, que ayuda a que las extensiones se mezclen perfectamente con tu cabello, incluso si tu propio tono de cabello es ligeramente diferente.</p><p><b>Si tienes dudas a la hora de elegir el color, envíanos una foto de espaldas de tu melena a la luz del día a nuestro <a href="https://api.whatsapp.com/send/?phone=34638132845&amp;text&amp;type=phone_number&amp;app_absent=0">whatsapp</a> o <a href="mailto:info@extensionmania.com">info@extensionmania.com</a> y una estilista especializada te atenderá personalmente para resolver todas tus dudas.</b></p><hr /><h2>Ficha técnica</h2><p><span style="color: #9e8b66;"><strong>COMPOSICIÓN:</strong></span> Fibra memoria</p><p><span style="color: #9e8b66;"><strong>SISTEMA:</strong></span> Peineta y coletero de fibra automático</p><p><span style="color: #9e8b66;"><strong>LARGO:</strong></span> 60 centímetros</p><p><strong><span style="color: #9e8b66;">PESO:</span> </strong>80 gramos</p><p><span style="color: #9e8b66;"><strong>GARANTÍA:</strong></span><br /><strong>Máxima calidad:</strong> Fibra efecto memoria con tecnología patentada recupera su forma sin necesidad de peinar. En EXTENSIONmania aseguramos que cada accesorio ha sido perfectamente diseñado y testado para superar tus expectativas. ¿Sabías que todas las colecciones son combinables entre sí? Si deseas una melena más frondosa puedes adquirir otros accesorios.</p><p><span style="color: #9e8b66;"><strong>DURABILIDAD:</strong></span> La durabilidad de la fibra adquirida dependerá del cuidado y manejo diario que realices, por lo que cuanto más sigas nuestros consejos más posibilidades tendrás de alargar la vida de tu accesorio.</p><p><span style="color: #9e8b66;"><strong>CUIDADOS:</strong></span></p><p><strong style="color: var( --e-global-color-text ); font-family: var( --e-global-typography-text-font-family ), Sans-serif;">Cepillado:</strong><span style="color: var( --e-global-color-text ); font-family: var( --e-global-typography-text-font-family ), Sans-serif; font-weight: var( --e-global-typography-text-font-weight );"> Desenreda y cepilla el cabello frecuentemente. Es aconsejable desenredar el cabello de medios a puntas cuando esté completamente seco y antes de lavarlo. Para evitar tirones, desenreda siempre tu melena con el cepillo EXTENSIONmania </span><strong style="color: var( --e-global-color-text ); font-family: var( --e-global-typography-text-font-family ), Sans-serif;"><a href="https://www.extensionmania.com/tienda/producto/cepillo-extensiones-profesional-06-vortice-tamano-grande/">06.VÓRTICE</a> </strong><span style="color: var( --e-global-color-text ); font-family: var( --e-global-typography-text-font-family ), Sans-serif; font-weight: var( --e-global-typography-text-font-weight );">ya que es el único que permite cepillar desde la raíz.</span></p><p><strong>Lavado:</strong> Lava la coleta cuando no la lleves colocada, sin frotar, con agua fría y champú neutro <a href="https://www.extensionmania.com/tienda/producto/champu-extensiones-cabello/"><strong><span style="color: windowtext;">01.TORMENTA</span></strong></a>. Aplica <a href="https://www.extensionmania.com/tienda/producto/mascarilla-especial-extensiones/"><strong><span style="color: windowtext;">02.ECLIPSE</span></strong></a> con cuidado, peinar suavemente si lo ves necesario y aclarar. Dejar secar al aire. No usar herramientas de calor como secador o plancha. No se puede teñir.</p><p><span style="color: #9e8b66;"><strong>INDICACIONES:</strong></span> Por motivos de higiene no aceptamos cambios y/o devoluciones de las extensiones y/o accesorios de cabello natural o fibra. No obstante, si al recibir tu accesorio no encaja con tus expectativas dispones de 14 días contados desde la fecha de entrega para devolverlo en el mismo estado. Más información en <a href="https://www.extensionmania.com/envio-y-devoluciones/">envíos y devoluciones</a></p>								</div>
				</div>
					</div>
		</div>
					</div>
		</section>
				</div>

<p style="font-size: 18px;"><strong>Luce una<em> pony tail</em> al instante con la coleta de fibra Súper XL Glow de 65 cm</strong></p>
<p style="font-size: 18px;">Con una longitud impresionante, esta coleta ofrece una sujeción óptima y un aspecto natural gracias a su coletero automático y malla resistente. Agrega volumen y longitud en segundos con nuestra coleta de fibra <em>premium</em> de calidad insuperable.</p>
<p style="font-size: 18px;"><strong>TIP EXTRA:</strong></p>
<p style="font-size: 18px;">Gracias a su coletero automático se adapta para coletas altas, medias, bajas o de lado. ¡Pruébalo!</p>
