{"id":902,"date":"2022-05-02T11:50:10","date_gmt":"2022-05-02T10:50:10","guid":{"rendered":"https:\/\/www.extensionmania.com\/?post_type=product&#038;p=902"},"modified":"2026-04-21T09:43:13","modified_gmt":"2026-04-21T07:43:13","slug":"coleta-natural-glow","status":"publish","type":"product","link":"https:\/\/www.extensionmania.com\/tienda\/producto\/coleta-natural-glow\/","title":{"rendered":"Coleta de pelo natural larga Glow 40 cm"},"content":{"rendered":"<p style=\"text-align: justify;\">La <strong>coleta de pelo natural Glow<\/strong> de 40 cm de EXTENSIONmania est\u00e1 hecha para hacerte brillar y transforman tu peinado en minutos.\u00a0 \u00bfPor qu\u00e9 te va a encantar esta coleta? Tiene un coletero autom\u00e1tico que mantiene tu coleta erguida adem\u00e1s de garantizar una perfecta sujeci\u00f3n. Adem\u00e1s, queda s\u00faper natural y bonita al igual que todas las <a href=\"https:\/\/www.extensionmania.com\/tienda\/categoria-producto\/coletas-recogidos-y-flequillos-de-clip\/\">coletas, coleteros y flequillos de EXTENSIONmania.<\/a><\/p>\n<p>\u00a1No te pierdas el v\u00eddeo con el paso a paso!<\/p>\n<p><a href=\"https:\/\/www.youtube.com\/watch?v=1GUcqKZdI0I\" target=\"_blank\" rel=\"noopener\"><img fetchpriority=\"high\" decoding=\"async\" class=\"wp-image-42927 aligncenter\" src=\"https:\/\/www.extensionmania.com\/wp-content\/uploads\/sites\/2\/2022\/11\/tutorial-coleta-glow-extensionmania.jpg\" alt=\"\" width=\"444\" height=\"296\" \/><\/a><\/p>\n<p>Realizada en <strong>cabello natural<\/strong>, la coleta de cabello natural Glow de 40 cm, te permite dar a tu melena un brillo, densidad y largo impresionante en solo unos minutos. Esta coleta es perfecta para los d\u00edas en los que no te apetece llevar el cabello suelto o quieres un peinado perfecto r\u00e1pidamente.<\/p>\n<p>Todas las extensiones de cabello de EXTENSIONmania est\u00e1n realizadas en cabello natural <em>premium<\/em>.<\/p>\n<div>\n<p>Llegan lisas y suaves al sacarlas de la caja, sin embargo, se pueden rizar y peinar con herramientas de calor junto a tu propio cabello. Incre\u00edblemente vers\u00e1tiles, estas extensiones de cabello se combinan naturalmente con tu propio cabello para un resultado extra favorecedor. Tambi\u00e9n las puedes te\u00f1ir siempre a un tono m\u00e1s oscuro, nunca decolorar. Si las lavas recuerda sacar el coletero.<\/p>\n<p>En EXTENSIONmania proporcionamos un sistema de coloraci\u00f3n adaptable de varios tonos, que ayuda a que las extensiones se mezclen perfectamente con tu cabello, incluso si tu propio tono de cabello es ligeramente diferente.<\/p>\n<p>Si tienes dudas a la hora de elegir el color, env\u00edanos una foto de espaldas de tu melena a la luz del d\u00eda a nuestro\u00a0<a href=\"https:\/\/api.whatsapp.com\/send\/?phone=34638132845&amp;text&amp;type=phone_number&amp;app_absent=0\">whatsapp<\/a>\u00a0o\u00a0<a href=\"mailto:info@extensionmania.com\">info@extensionmania.com<\/a> y una estilista especializada te atender\u00e1 personalmente para resolver todas tus dudas.<\/p>\n<\/div>\n<hr \/>\n<p><strong>Ficha t\u00e9cnica<\/strong><\/p>\n<p><span style=\"color: #9e8b66;\"><strong>COMPOSICI\u00d3N:<\/strong><\/span> Cabello natural<\/p>\n<p><span style=\"color: #9e8b66;\"><strong>SISTEMA:<\/strong><\/span> Peineta y coletero de fibra autom\u00e1tico<\/p>\n<p><strong><span style=\"color: #9e8b66;\">LARGO: <\/span><\/strong>40 cent\u00edmetros<\/p>\n<p><span style=\"color: #9e8b66;\"><strong>PESO:<\/strong><\/span> 60 gramos<\/p>\n<p><span style=\"color: #9e8b66;\"><strong>GARANT\u00cdA:<\/strong><\/span><br \/>\n<strong>M\u00e1xima calidad:<\/strong> Cada a\u00f1o recorremos el mundo buscando el mejor cabello natural, as\u00ed que tienes en tus manos una pieza \u00fanica seleccionada con los m\u00e1ximos est\u00e1ndares para que tus extensiones se mantengan sedosos y brillantes en el tiempo.<br \/>\n<strong>Cabellos largos:<\/strong> El peso no es sin\u00f3nimo de calidad (a m\u00e1s cabellos cortos, m\u00e1s gramos). En EXTENSIONmania aseguramos que cada accesorio ha sido perfectamente dise\u00f1ado y testado para superar tus expectativas, as\u00ed que todos los cabellos son largos de ra\u00edces a puntas.<\/p>\n<p><span style=\"color: #9e8b66;\"><strong>DURABILIDAD:<\/strong><\/span> La durabilidad del cabello adquirido depender\u00e1 del cuidado y manejo diario que realices, por lo que cuanto m\u00e1s sigas nuestros consejos de cuidado m\u00e1s posibilidades tendr\u00e1s de alargar la vida de tus extensiones naturales.<\/p>\n<p><span style=\"color: #9e8b66;\"><strong>CUIDADOS:<\/strong><\/span><br \/>\n<b>Cepillado:<\/b>\u00a0Desenreda y cepilla el cabello frecuentemente. Es aconsejable desenredar el cabello de medios a puntas cuando est\u00e9 completamente seco y antes de lavarlo. Para evitar tirones, desenreda siempre tu melena con el cepillo EXTENSIONmania\u00a0<b><a style=\"color: var( --e-global-color-accent ); box-shadow: none;\" href=\"https:\/\/www.extensionmania.com\/tienda\/producto\/cepillo-extensiones-profesional-06-vortice-tamano-grande\/\"><span style=\"color: windowtext; font-weight: normal; text-decoration: none;\">06.V\u00d3RTICE\u00a0<\/span><\/a><\/b>ya que es el \u00fanico que permite cepillar desde la ra\u00edz.<br style=\"text-align: start;\" \/><b>Lavado:<\/b>\u00a0Lava las extensiones de coleta cuando no las lleves colocadas. Aplica\u00a0<b><a style=\"color: var( --e-global-color-accent ); box-shadow: none; text-align: start;\" href=\"https:\/\/www.extensionmania.com\/tienda\/producto\/champu-extensiones-cabello\/\"><span style=\"color: windowtext; font-weight: normal; text-decoration: none;\">01.TORMENTA\u00a0<\/span><\/a><\/b>en toda la extensi\u00f3n, al ser un champ\u00fa neutro garantiza que las extensiones est\u00e9n m\u00e1s limpias m\u00e1s tiempo. Lava el cabello a una misma direcci\u00f3n para evitar enredos. Aclara el cabello suavemente desde la ra\u00edz hasta las puntas sin frotar.<br style=\"text-align: start;\" \/><b>Hidrataci\u00f3n:<\/b>\u00a0Retira la humedad con una toalla y aplica la mascarilla\u00a0<b><a style=\"color: var( --e-global-color-accent ); box-shadow: none; text-align: start;\" href=\"https:\/\/www.extensionmania.com\/tienda\/producto\/mascarilla-especial-extensiones\/\"><span style=\"color: windowtext; font-weight: normal; text-decoration: none;\">02.ECLIPSE<\/span><\/a><\/b>, al menos 15 minutos, conseguir\u00e1s que tus extensiones naturales est\u00e9n siempre sanas e hidratadas. Si\u00a0quieres mantener ese matiz rubio que evite tonos naranjas, combina\u00a0<b><a style=\"color: var( --e-global-color-accent ); box-shadow: none; text-align: start;\" href=\"https:\/\/www.extensionmania.com\/tienda\/producto\/mascarilla-especial-extensiones\/\"><span style=\"color: windowtext; font-weight: normal; text-decoration: none;\">02.ECLIPSE\u00a0\u00a0<\/span><\/a><\/b>con la mascarilla <a href=\"https:\/\/www.extensionmania.com\/tienda\/producto\/mascarilla-azul-para-rubias\/\"><span style=\"color: windowtext; text-decoration: none;\">azul\u00a005. EN UNA NUBE<\/span><\/a><b>\u00a0<\/b>una vez a la semana.\u00a0Puedes usar aceites y productos espec\u00edficos que nutran en profundidad el cabello una vez seco como el s\u00e9rum\u00a0<b><a style=\"color: var( --e-global-color-accent ); box-shadow: none;\" href=\"https:\/\/www.extensionmania.com\/tienda\/producto\/serum-especial-extensiones\/\"><span style=\"color: windowtext; font-weight: normal; text-decoration: none;\">03.OLA DE SOL<\/span><\/a><\/b>. El uso de productos hidratantes y nutritivos debe ser exclusivo de medios a puntas.<br style=\"text-align: start;\" \/><b>Secado:<\/b>\u00a0Quita la humedad de las extensiones suavemente con una toalla, sin frotar para evitar enredos. Aplica protecci\u00f3n t\u00e9rmica de medios a puntas con\u00a0<b><a style=\"color: var( --e-global-color-accent ); box-shadow: none;\" href=\"https:\/\/www.extensionmania.com\/tienda\/producto\/protector-termico-extensiones-cabello\/\"><span style=\"color: windowtext; font-weight: normal; text-decoration: none;\">05.HURAC\u00c1N<\/span><\/a>,\u00a0<\/b>de esta manera proteger\u00e1s el cabello de las agresiones t\u00e9rmicas. No apliques calor directo y utiliza una temperatura media o baja si usas secador. Una vez las extensiones est\u00e9n bien secas, puedes usar la plancha y moldear hasta conseguir el estilismo que desees.<br style=\"text-align: start;\" \/><b>Cuidado espec\u00edfico:<\/b>\u00a0El cabello debe tratarse como cabello natural, es decir, se puede cortar, planchar y te\u00f1ir a un tono m\u00e1s oscuro (nunca decolorar ni aplicar tratamientos permanentes).<\/p>\n<p><strong><span style=\"color: #9e8b66;\">INDICACIONES:<\/span><\/strong> Por motivos de higiene no aceptamos cambios y\/o devoluciones de las extensiones y\/o accesorios de cabello natural o fibra. No obstante, si al recibir tu accesorio no encaja con tus expectativas dispones de 14 d\u00edas contados desde la fecha de entrega para devolverlo en el mismo estado. M\u00e1s informaci\u00f3n en <a href=\"\/envio-y-devoluciones\/\"><span style=\"color: #9e8b66;\">env\u00edos y devoluciones.<\/span><\/a><\/p>\n","protected":false},"excerpt":{"rendered":"<p style=\"font-size: 18px;\"><strong>Transforma una coleta sencilla en una s\u00faper coleta en cuesti\u00f3n de minutos<\/strong><\/p>\n<p style=\"font-size: 18px;\">El cabello natural de alta calidad unido al sistema de cierre \u00fanico de esta coleta, la convierten en el complemento perfecto de tu peinado. Usa este coleta los d\u00edas que tengas un <em>bad day hair<\/em> y transforma tu cabello en un par de minutos.<\/p>\n<p style=\"font-size: 18px;\"><strong>TIP EXTRA:\u00a0<\/strong><\/p>\n<p style=\"font-size: 18px;\">Si cambias de color de cabello, puedes te\u00f1ir la coleta (siempre a tonos m\u00e1s oscuros) para conseguir el <em>match<\/em> perfecto con tu color.<\/p>\n","protected":false},"featured_media":940,"comment_status":"open","ping_status":"closed","template":"","meta":[],"product_brand":[],"product_cat":[122,219],"product_tag":[],"class_list":{"0":"post-902","1":"product","2":"type-product","3":"status-publish","4":"has-post-thumbnail","6":"product_cat-coletas-recogidos-y-flequillos-de-clip","7":"product_cat-coletas-y-monos","8":"pa_color-10-22n-canela-india","9":"pa_color-10-4n-tamarindo-del-sudan","10":"pa_color-14n-curmin-mediterraneo","11":"pa_color-2n-expresso-italiano","12":"pa_color-4n-tostado-frances","13":"pa_color-6-22n-mistica-caribena","14":"pa_color-613n-pinot-blanche","15":"pa_color-6n-pimienta-jamaicana","17":"first","18":"instock","19":"sale","20":"taxable","21":"shipping-taxable","22":"purchasable","23":"product-type-variable"},"_links":{"self":[{"href":"https:\/\/www.extensionmania.com\/tienda\/wp-json\/wp\/v2\/product\/902","targetHints":{"allow":["GET"]}}],"collection":[{"href":"https:\/\/www.extensionmania.com\/tienda\/wp-json\/wp\/v2\/product"}],"about":[{"href":"https:\/\/www.extensionmania.com\/tienda\/wp-json\/wp\/v2\/types\/product"}],"replies":[{"embeddable":true,"href":"https:\/\/www.extensionmania.com\/tienda\/wp-json\/wp\/v2\/comments?post=902"}],"version-history":[{"count":0,"href":"https:\/\/www.extensionmania.com\/tienda\/wp-json\/wp\/v2\/product\/902\/revisions"}],"wp:featuredmedia":[{"embeddable":true,"href":"https:\/\/www.extensionmania.com\/tienda\/wp-json\/wp\/v2\/media\/940"}],"wp:attachment":[{"href":"https:\/\/www.extensionmania.com\/tienda\/wp-json\/wp\/v2\/media?parent=902"}],"wp:term":[{"taxonomy":"product_brand","embeddable":true,"href":"https:\/\/www.extensionmania.com\/tienda\/wp-json\/wp\/v2\/product_brand?post=902"},{"taxonomy":"product_cat","embeddable":true,"href":"https:\/\/www.extensionmania.com\/tienda\/wp-json\/wp\/v2\/product_cat?post=902"},{"taxonomy":"product_tag","embeddable":true,"href":"https:\/\/www.extensionmania.com\/tienda\/wp-json\/wp\/v2\/product_tag?post=902"}],"curies":[{"name":"wp","href":"https:\/\/api.w.org\/{rel}","templated":true}]}}

<p style="text-align: justify;">La <strong>coleta de pelo natural Glow</strong> de 40 cm de EXTENSIONmania está hecha para hacerte brillar y transforman tu peinado en minutos.  ¿Por qué te va a encantar esta coleta? Tiene un coletero automático que mantiene tu coleta erguida además de garantizar una perfecta sujeción. Además, queda súper natural y bonita al igual que todas las <a href="https://www.extensionmania.com/tienda/categoria-producto/coletas-recogidos-y-flequillos-de-clip/">coletas, coleteros y flequillos de EXTENSIONmania.</a></p>
<p>¡No te pierdas el vídeo con el paso a paso!</p>
<p><a href="https://www.youtube.com/watch?v=1GUcqKZdI0I" target="_blank" rel="noopener"><img fetchpriority="high" decoding="async" class="wp-image-42927 aligncenter" src="https://www.extensionmania.com/wp-content/uploads/sites/2/2022/11/tutorial-coleta-glow-extensionmania.jpg" alt="" width="444" height="296" /></a></p>
<p>Realizada en <strong>cabello natural</strong>, la coleta de cabello natural Glow de 40 cm, te permite dar a tu melena un brillo, densidad y largo impresionante en solo unos minutos. Esta coleta es perfecta para los días en los que no te apetece llevar el cabello suelto o quieres un peinado perfecto rápidamente.</p>
<p>Todas las extensiones de cabello de EXTENSIONmania están realizadas en cabello natural <em>premium</em>.</p>
<div>
<p>Llegan lisas y suaves al sacarlas de la caja, sin embargo, se pueden rizar y peinar con herramientas de calor junto a tu propio cabello. Increíblemente versátiles, estas extensiones de cabello se combinan naturalmente con tu propio cabello para un resultado extra favorecedor. También las puedes teñir siempre a un tono más oscuro, nunca decolorar. Si las lavas recuerda sacar el coletero.</p>
<p>En EXTENSIONmania proporcionamos un sistema de coloración adaptable de varios tonos, que ayuda a que las extensiones se mezclen perfectamente con tu cabello, incluso si tu propio tono de cabello es ligeramente diferente.</p>
<p>Si tienes dudas a la hora de elegir el color, envíanos una foto de espaldas de tu melena a la luz del día a nuestro <a href="https://api.whatsapp.com/send/?phone=34638132845&amp;text&amp;type=phone_number&amp;app_absent=0">whatsapp</a> o <a href="mailto:info@extensionmania.com">info@extensionmania.com</a> y una estilista especializada te atenderá personalmente para resolver todas tus dudas.</p>
</div>
<hr />
<p><strong>Ficha técnica</strong></p>
<p><span style="color: #9e8b66;"><strong>COMPOSICIÓN:</strong></span> Cabello natural</p>
<p><span style="color: #9e8b66;"><strong>SISTEMA:</strong></span> Peineta y coletero de fibra automático</p>
<p><strong><span style="color: #9e8b66;">LARGO: </span></strong>40 centímetros</p>
<p><span style="color: #9e8b66;"><strong>PESO:</strong></span> 60 gramos</p>
<p><span style="color: #9e8b66;"><strong>GARANTÍA:</strong></span><br />
<strong>Máxima calidad:</strong> Cada año recorremos el mundo buscando el mejor cabello natural, así que tienes en tus manos una pieza única seleccionada con los máximos estándares para que tus extensiones se mantengan sedosos y brillantes en el tiempo.<br />
<strong>Cabellos largos:</strong> El peso no es sinónimo de calidad (a más cabellos cortos, más gramos). En EXTENSIONmania aseguramos que cada accesorio ha sido perfectamente diseñado y testado para superar tus expectativas, así que todos los cabellos son largos de raíces a puntas.</p>
<p><span style="color: #9e8b66;"><strong>DURABILIDAD:</strong></span> La durabilidad del cabello adquirido dependerá del cuidado y manejo diario que realices, por lo que cuanto más sigas nuestros consejos de cuidado más posibilidades tendrás de alargar la vida de tus extensiones naturales.</p>
<p><span style="color: #9e8b66;"><strong>CUIDADOS:</strong></span><br />
<b>Cepillado:</b> Desenreda y cepilla el cabello frecuentemente. Es aconsejable desenredar el cabello de medios a puntas cuando esté completamente seco y antes de lavarlo. Para evitar tirones, desenreda siempre tu melena con el cepillo EXTENSIONmania <b><a style="color: var( --e-global-color-accent ); box-shadow: none;" href="https://www.extensionmania.com/tienda/producto/cepillo-extensiones-profesional-06-vortice-tamano-grande/"><span style="color: windowtext; font-weight: normal; text-decoration: none;">06.VÓRTICE </span></a></b>ya que es el único que permite cepillar desde la raíz.<br style="text-align: start;" /><b>Lavado:</b> Lava las extensiones de coleta cuando no las lleves colocadas. Aplica <b><a style="color: var( --e-global-color-accent ); box-shadow: none; text-align: start;" href="https://www.extensionmania.com/tienda/producto/champu-extensiones-cabello/"><span style="color: windowtext; font-weight: normal; text-decoration: none;">01.TORMENTA </span></a></b>en toda la extensión, al ser un champú neutro garantiza que las extensiones estén más limpias más tiempo. Lava el cabello a una misma dirección para evitar enredos. Aclara el cabello suavemente desde la raíz hasta las puntas sin frotar.<br style="text-align: start;" /><b>Hidratación:</b> Retira la humedad con una toalla y aplica la mascarilla <b><a style="color: var( --e-global-color-accent ); box-shadow: none; text-align: start;" href="https://www.extensionmania.com/tienda/producto/mascarilla-especial-extensiones/"><span style="color: windowtext; font-weight: normal; text-decoration: none;">02.ECLIPSE</span></a></b>, al menos 15 minutos, conseguirás que tus extensiones naturales estén siempre sanas e hidratadas. Si quieres mantener ese matiz rubio que evite tonos naranjas, combina <b><a style="color: var( --e-global-color-accent ); box-shadow: none; text-align: start;" href="https://www.extensionmania.com/tienda/producto/mascarilla-especial-extensiones/"><span style="color: windowtext; font-weight: normal; text-decoration: none;">02.ECLIPSE  </span></a></b>con la mascarilla <a href="https://www.extensionmania.com/tienda/producto/mascarilla-azul-para-rubias/"><span style="color: windowtext; text-decoration: none;">azul 05. EN UNA NUBE</span></a><b> </b>una vez a la semana. Puedes usar aceites y productos específicos que nutran en profundidad el cabello una vez seco como el sérum <b><a style="color: var( --e-global-color-accent ); box-shadow: none;" href="https://www.extensionmania.com/tienda/producto/serum-especial-extensiones/"><span style="color: windowtext; font-weight: normal; text-decoration: none;">03.OLA DE SOL</span></a></b>. El uso de productos hidratantes y nutritivos debe ser exclusivo de medios a puntas.<br style="text-align: start;" /><b>Secado:</b> Quita la humedad de las extensiones suavemente con una toalla, sin frotar para evitar enredos. Aplica protección térmica de medios a puntas con <b><a style="color: var( --e-global-color-accent ); box-shadow: none;" href="https://www.extensionmania.com/tienda/producto/protector-termico-extensiones-cabello/"><span style="color: windowtext; font-weight: normal; text-decoration: none;">05.HURACÁN</span></a>, </b>de esta manera protegerás el cabello de las agresiones térmicas. No apliques calor directo y utiliza una temperatura media o baja si usas secador. Una vez las extensiones estén bien secas, puedes usar la plancha y moldear hasta conseguir el estilismo que desees.<br style="text-align: start;" /><b>Cuidado específico:</b> El cabello debe tratarse como cabello natural, es decir, se puede cortar, planchar y teñir a un tono más oscuro (nunca decolorar ni aplicar tratamientos permanentes).</p>
<p><strong><span style="color: #9e8b66;">INDICACIONES:</span></strong> Por motivos de higiene no aceptamos cambios y/o devoluciones de las extensiones y/o accesorios de cabello natural o fibra. No obstante, si al recibir tu accesorio no encaja con tus expectativas dispones de 14 días contados desde la fecha de entrega para devolverlo en el mismo estado. Más información en <a href="/envio-y-devoluciones/"><span style="color: #9e8b66;">envíos y devoluciones.</span></a></p>

<p style="font-size: 18px;"><strong>Transforma una coleta sencilla en una súper coleta en cuestión de minutos</strong></p>
<p style="font-size: 18px;">El cabello natural de alta calidad unido al sistema de cierre único de esta coleta, la convierten en el complemento perfecto de tu peinado. Usa este coleta los días que tengas un <em>bad day hair</em> y transforma tu cabello en un par de minutos.</p>
<p style="font-size: 18px;"><strong>TIP EXTRA: </strong></p>
<p style="font-size: 18px;">Si cambias de color de cabello, puedes teñir la coleta (siempre a tonos más oscuros) para conseguir el <em>match</em> perfecto con tu color.</p>
