{"id":485,"date":"2022-05-02T11:44:40","date_gmt":"2022-05-02T10:44:40","guid":{"rendered":"https:\/\/www.extensionmania.com\/?post_type=product&#038;p=485"},"modified":"2026-05-04T09:39:02","modified_gmt":"2026-05-04T07:39:02","slug":"cubre-coletas-cover-up","status":"publish","type":"product","link":"https:\/\/www.extensionmania.com\/tienda\/producto\/cubre-coletas-cover-up\/","title":{"rendered":"Goma invisible Cover Up"},"content":{"rendered":"<p>Esconde la goma de tu peinado con este\u00a0accesorio \u00fanico que permite acabados <strong>naturales y profesionales<\/strong>. Cubre la goma de manera f\u00e1cil y sencilla con esta goma realizada con fibra efecto memoria.<\/p>\n<p>\u00dasalo para tapar la goma de tu coleta y tambi\u00e9n para finalizar una trenza (aplicando dos vueltas). Mantendr\u00e1s tu peinado siempre perfecto sin usar horquillas. Tu coleta estar\u00e1 impoluta aguantando largas jornadas sin grandes esfuerzos de tiempo para peinarte. Una manera r\u00e1pida y f\u00e1cil de lucir acabados profesionales al instante. Esta goma es s\u00faper f\u00e1cil de colocar y queda muy natural, al igual que todas las <a href=\"https:\/\/www.extensionmania.com\/tienda\/categoria-producto\/coletas-recogidos-y-flequillos-de-clip\/\">coletas, coleteros y flequillos<\/a>.<\/p>\n<p>Especialmente indicado para tu d\u00eda a d\u00eda. Si eres de las que les gusta verse impecablemente peinadas, \u00a1este es tu nuevo accesorio favorito!\u00a0Sin duda, un b\u00e1sico en cualquier tocador.\u00a0\u00a0L\u00facelo tambi\u00e9n en\u00a0ocasiones especiales. La coleta perfecta aguantar\u00e1 impoluta hasta altas horas de la noche, \u00a1prometido!<\/p>\n<p>*El uso principal del cubre coleta Cover Up es de tapar la goma de la coleta, por lo que \u00fasalo encima de la goma.<\/p>\n<p><strong>TIP EXTRA:<\/strong><\/p>\n<p>Cover Up es perfecto para a\u00f1adir volumen a un mo\u00f1o, util\u00edzalo como donut sin miedo a que se vea, ya que la fibra simula el propio cabello.<\/p>\n<p><a href=\"https:\/\/www.youtube.com\/watch?v=cXUNrcrIm9A\" target=\"_blank\" rel=\"noopener\"><br \/>\n<img fetchpriority=\"high\" decoding=\"async\" class=\"wp-image-1556 aligncenter\" src=\"https:\/\/www.extensionmania.com\/wp-content\/uploads\/sites\/2\/2022\/05\/tutorial-cover-up-fibra-memoria-extensionmania.jpg\" alt=\"tutorial-cover-up\" width=\"421\" height=\"281\" srcset=\"https:\/\/www.extensionmania.com\/tienda\/wp-content\/uploads\/sites\/2\/2022\/05\/tutorial-cover-up-fibra-memoria-extensionmania.jpg 972w, https:\/\/www.extensionmania.com\/tienda\/wp-content\/uploads\/sites\/2\/2022\/05\/tutorial-cover-up-fibra-memoria-extensionmania-540x360.jpg 540w, https:\/\/www.extensionmania.com\/tienda\/wp-content\/uploads\/sites\/2\/2022\/05\/tutorial-cover-up-fibra-memoria-extensionmania-768x512.jpg 768w, https:\/\/www.extensionmania.com\/tienda\/wp-content\/uploads\/sites\/2\/2022\/05\/tutorial-cover-up-fibra-memoria-extensionmania-666x444.jpg 666w\" sizes=\"(max-width: 421px) 100vw, 421px\" \/><\/a><\/p>\n<p><strong>Importante:<\/strong> lava tu accesorio con champ\u00fa espec\u00edfico y agua fr\u00eda y deja secar al aire. La fibra no se puede te\u00f1ir y tampoco se pueden usar herramientas de calor como plancha y\/o secadores.<\/p>\n<p>En EXTENSIONmania proporcionamos un sistema de coloraci\u00f3n adaptable de varios tonos, que ayuda a que las extensiones se mezclen perfectamente con tu cabello, incluso si tu propio tono de cabello es ligeramente diferente.<\/p>\n<p><strong>Si tienes dudas a la hora de elegir el color, env\u00edanos una foto de espaldas de tu melena a la luz del d\u00eda a nuestro <a href=\"https:\/\/api.whatsapp.com\/send\/?phone=34638132845&amp;text&amp;type=phone_number&amp;app_absent=0\">whatsapp<\/a> o <a href=\"mailto:info@extensionmania.com\">info@extensionmania.com<\/a> y una estilista especializada te atender\u00e1 personalmente para resolver todas tus dudas.<\/strong><\/p>\n<hr \/>\n<h2>Ficha t\u00e9cnica<\/h2>\n<p><span style=\"color: #9e8b66;\"><strong>COMPOSICI\u00d3N:<\/strong><\/span> Fibra efecto memoria<\/p>\n<p><span style=\"color: #9e8b66;\"><strong>SISTEMA:<\/strong><\/span> Goma el\u00e1stica<\/p>\n<p><span style=\"color: #9e8b66;\"><strong>GARANT\u00cdA:<\/strong><\/span><br \/>\n<strong>M\u00e1xima calidad:<\/strong> Tienes una garant\u00eda de 45 d\u00edas desde la primera compra. La garant\u00eda solo incluye el cambio en caso de defecto de fabricaci\u00f3n. Excluye el mal uso. Recuerda que los accesorios de fibra no se pueden te\u00f1ir ni aplicar calor. Fibra efecto memoria con tecnolog\u00eda patentada recupera su forma sin necesidad de peinar. En EXTENSIONmania aseguramos que cada accesorio ha sido perfectamente dise\u00f1ado y testado para superar tus expectativas.<\/p>\n<p><span style=\"color: #9e8b66;\"><strong>DURABILIDAD:<\/strong><\/span> La durabilidad de la fibra adquirida depender\u00e1 del cuidado y manejo diario que realices, por lo que cuanto m\u00e1s sigas nuestros consejos m\u00e1s posibilidades tendr\u00e1s de alargar la vida de tu accesorio.<\/p>\n<p><strong><span style=\"color: #9e8b66;\">CUIDADOS:<\/span><\/strong><b><span style=\"color: #9e8b66;\"><br \/>\n<\/span><strong>Cepillado:<\/strong><\/b> Desenreda y cepilla el cabello frecuentemente. Es aconsejable desenredar el cabello de medios a puntas cuando est\u00e9 completamente seco y antes de lavarlo. Para evitar tirones, desenreda siempre tu melena con el cepillo EXTENSIONmania\u00a0<strong><a href=\"https:\/\/www.extensionmania.com\/tienda\/producto\/cepillo-extensiones-profesional-06-vortice-tamano-grande\/\">06.V\u00d3RTICE<\/a> <\/strong>ya que es el \u00fanico que permite cepillar desde la ra\u00edz.<br \/>\n<strong>Lavado:<\/strong> Lava la coleta\u00a0cuando no la lleves colocada, sin frotar, con agua fr\u00eda y champ\u00fa neutro\u00a0<a href=\"https:\/\/www.extensionmania.com\/tienda\/producto\/champu-extensiones-cabello\/\"><strong><span style=\"color: windowtext; text-decoration: none; text-underline: none;\">01.TORMENTA<\/span><\/strong><\/a>. Aplica <a href=\"https:\/\/www.extensionmania.com\/tienda\/producto\/mascarilla-especial-extensiones\/\"><strong><span style=\"color: windowtext; text-decoration: none; text-underline: none;\">02.ECLIPSE<\/span><\/strong><\/a>\u00a0con\u00a0cuidado, peinar suavemente si lo ves necesario y aclarar. Dejar secar al aire.\u00a0No usar herramientas de calor como secador o plancha. No se puede te\u00f1ir.<\/p>\n<p><strong><span style=\"color: #9e8b66;\">INDICACIONES:<\/span><\/strong> Por motivos de higiene no aceptamos cambios y\/o devoluciones de las extensiones y\/o accesorios de cabello natural o fibra. No obstante, si al recibir tu accesorio no encaja con tus expectativas dispones de 14 d\u00edas contados desde la fecha de entrega para devolverlo en el mismo estado. M\u00e1s informaci\u00f3n en <a href=\"\/envio-y-devoluciones\/\"><span style=\"color: #9e8b66;\">env\u00edos y devoluciones.<\/span><\/a><\/p>\n","protected":false},"excerpt":{"rendered":"<p style=\"font-size: 18px;\"><strong>\u00bfC\u00f3mo lograr un look perfecto? \u00a1Con la goma invisible Cover Up!<\/strong><\/p>\n<p style=\"font-size: 18px;\">Olv\u00eddate de los cabellos sueltos al esconder la goma de tu coleta. El cubre coletas es el aliado perfecto para un peinado elegante y seductor en cualquier ocasi\u00f3n. Hecho con fibra de memoria, este accesorio se integra de forma natural en tu cabello, garantizando un acabado impecable en segundos.<\/p>\n<p style=\"font-size: 18px;\"><strong>TIP EXTRA:<\/strong><\/p>\n<p style=\"font-size: 18px;\">Cover Up es perfecto para a\u00f1adir volumen a un mo\u00f1o, util\u00edzalo como donut sin miedo a que se vea, ya que la fibra simula el propio cabello.<\/p>\n","protected":false},"featured_media":561,"comment_status":"open","ping_status":"closed","template":"","meta":[],"product_brand":[],"product_cat":[122,221],"product_tag":[],"class_list":{"0":"post-485","1":"product","2":"type-product","3":"status-publish","4":"has-post-thumbnail","6":"product_cat-coletas-recogidos-y-flequillos-de-clip","7":"product_cat-cubre-coletas","8":"pa_color-12-22f-laurus-nobilis","9":"pa_color-16f-sesamo-arabe","10":"pa_color-18-24f-boswellia-sacra","11":"pa_color-1f-trufa-brumale","12":"pa_color-22f-flor-de-vainilla","13":"pa_color-2f-grifonia-indigena","14":"pa_color-4f-brownie-ingles","15":"pa_color-6-22f-anis-persa","16":"pa_color-6-4f-piper-nigrum","17":"pa_color-6f-anis-estrellado","19":"first","20":"instock","21":"sale","22":"taxable","23":"shipping-taxable","24":"purchasable","25":"product-type-variable"},"_links":{"self":[{"href":"https:\/\/www.extensionmania.com\/tienda\/wp-json\/wp\/v2\/product\/485","targetHints":{"allow":["GET"]}}],"collection":[{"href":"https:\/\/www.extensionmania.com\/tienda\/wp-json\/wp\/v2\/product"}],"about":[{"href":"https:\/\/www.extensionmania.com\/tienda\/wp-json\/wp\/v2\/types\/product"}],"replies":[{"embeddable":true,"href":"https:\/\/www.extensionmania.com\/tienda\/wp-json\/wp\/v2\/comments?post=485"}],"version-history":[{"count":0,"href":"https:\/\/www.extensionmania.com\/tienda\/wp-json\/wp\/v2\/product\/485\/revisions"}],"wp:featuredmedia":[{"embeddable":true,"href":"https:\/\/www.extensionmania.com\/tienda\/wp-json\/wp\/v2\/media\/561"}],"wp:attachment":[{"href":"https:\/\/www.extensionmania.com\/tienda\/wp-json\/wp\/v2\/media?parent=485"}],"wp:term":[{"taxonomy":"product_brand","embeddable":true,"href":"https:\/\/www.extensionmania.com\/tienda\/wp-json\/wp\/v2\/product_brand?post=485"},{"taxonomy":"product_cat","embeddable":true,"href":"https:\/\/www.extensionmania.com\/tienda\/wp-json\/wp\/v2\/product_cat?post=485"},{"taxonomy":"product_tag","embeddable":true,"href":"https:\/\/www.extensionmania.com\/tienda\/wp-json\/wp\/v2\/product_tag?post=485"}],"curies":[{"name":"wp","href":"https:\/\/api.w.org\/{rel}","templated":true}]}}