{"id":383,"date":"2022-04-19T11:26:44","date_gmt":"2022-04-19T11:26:44","guid":{"rendered":"https:\/\/www.extensionmania.com\/?post_type=product&#038;p=383"},"modified":"2026-03-17T09:14:44","modified_gmt":"2026-03-17T08:14:44","slug":"mascarilla-azul-para-rubias","status":"publish","type":"product","link":"https:\/\/www.extensionmania.com\/tienda\/producto\/mascarilla-azul-para-rubias\/","title":{"rendered":"Mascarilla azul EXM para cabello rubio 05.EN UNA NUBE"},"content":{"rendered":"<p class=\"p1\">Los cabellos rubios o con mechas, tienden a ponerse amarillentos por el proceso de oxidaci\u00f3n natural o agentes externos como el sol y las herramientas t\u00e9rmicas tipo planchas, tenacillas, etc. Con la intenci\u00f3n de conseguir rubios vivos, brillantes y protegidos nace <strong>05.EN UNA NUBE<\/strong><em>.\u00a0<\/em>Su f\u00f3rmula con un especial pigmento AZUL , neutraliza los reflejos indeseados en cabellos rubios y\/o blancos aportando a los cabellos un reflejo m\u00e1s fr\u00edo y con m\u00e1s brillo. Esta mascarilla azul para cabello rubio con extensiones, ha sido formulada manteniendo las mismas propiedades reparadoras y nutritivas que <a href=\"https:\/\/www.extensionmania.com\/tienda\/producto\/mascarilla-especial-extensiones\/\">02.ECLIPSE<\/a> Los principios activos logran adherirse en la fibra capilar para obtener el color homog\u00e9neo y nutrido de una manera r\u00e1pida y segura. <strong>05.EN UNA NUBE<\/strong> protege tu cabello y el de tus extensiones mientras neutraliza los tonos dorados en una sola aplicaci\u00f3n. \u00dasala una vez cada 15 d\u00edas alternada con02.ECLIPSE<\/p>\n<h2><strong><span style=\"color: #9e8b66;\">\u00bfC\u00f3mo usar la mascarilla matizante 05.EN UNA NUBE?<\/span><\/strong><\/h2>\n<p>Despu\u00e9s de lavar con <a href=\"https:\/\/www.extensionmania.com\/tienda\/producto\/champu-extensiones-cabello\/\">01.TORMENTA<\/a>, retira la humedad con una toalla, aseg\u00farate que no quedan restos de agua. Aplica <strong>05.EN UNA NUBE<\/strong>\u00a0en la palma de la mano y con cuidado de medios a puntas sin frotar y sin usar peines ni cepillos. Usar \u00fanicamente las manos en la aplicaci\u00f3n para que el matiz del cabello quede uniforme. Dejar actuar de 5 a 20 minutos seg\u00fan la intensidad deseada y aclarar con agua tibia.<a href=\"https:\/\/www.extensionmania.com\/wp-content\/uploads\/sites\/2\/2022\/04\/mascarilla-azul-para-rubias.jpg\"><img fetchpriority=\"high\" decoding=\"async\" class=\"aligncenter wp-image-1411 size-medium\" src=\"https:\/\/www.extensionmania.com\/tienda\/wp-content\/uploads\/sites\/2\/2022\/04\/mascarilla-azul-para-rubias-360x360.jpg\" alt=\"cabello matizado con champu\" width=\"360\" height=\"360\" srcset=\"https:\/\/www.extensionmania.com\/tienda\/wp-content\/uploads\/sites\/2\/2022\/04\/mascarilla-azul-para-rubias-360x360.jpg 360w, https:\/\/www.extensionmania.com\/tienda\/wp-content\/uploads\/sites\/2\/2022\/04\/mascarilla-azul-para-rubias-768x768.jpg 768w, https:\/\/www.extensionmania.com\/tienda\/wp-content\/uploads\/sites\/2\/2022\/04\/mascarilla-azul-para-rubias-666x666.jpg 666w, https:\/\/www.extensionmania.com\/tienda\/wp-content\/uploads\/sites\/2\/2022\/04\/mascarilla-azul-para-rubias-100x100.jpg 100w, https:\/\/www.extensionmania.com\/tienda\/wp-content\/uploads\/sites\/2\/2022\/04\/mascarilla-azul-para-rubias.jpg 800w\" sizes=\"(max-width: 360px) 100vw, 360px\" \/><\/a><\/p>\n<p>*Resultados en una sola aplicaci\u00f3n<\/p>\n<p><strong><span style=\"color: #9e8b66;\">DESCUBRE EL RITUAL PARA EL <a href=\"https:\/\/www.extensionmania.com\/tienda\/categoria-producto\/cuidado-del-cabello\/\">CUIDADO DEL CABELLO<\/a>:<\/span><\/strong>\u00a0usar 01.TORMENTA junto a\u00a0<span class=\"JsGRdQ\">02.ECLIPSE<\/span>\u00a0tres d\u00edas seguidos como tratamiento intensivo de choque. Una vez recuperada la melena, usar 05.EN UNA NUBE una vez a la semana usar\u00a0alternado junto con\u00a0<span class=\"JsGRdQ\">02.ECLIPSE<\/span>\u00a0y finalizando siempre con\u00a0<a href=\"https:\/\/www.extensionmania.com\/tienda\/producto\/serum-especial-extensiones\/\"><span class=\"JsGRdQ\">04.OLA DE SOL<\/span><\/a>.<\/p>\n<p><strong><span style=\"color: #9e8b66;\">IMPORTANTE:<\/span><\/strong>\u00a0el cabello mojado gana elasticidad y se rompe con mayor facilidad. Te recomendamos desenredar siempre el cabello en seco de medios a puntas con el cepillo\u00a0<a href=\"https:\/\/www.extensionmania.com\/tienda\/producto\/cepillo-extensiones-profesional-06-vortice-tamano-grande\/\">06.V\u00d3RTICE<\/a>\u00a0y est\u00e9s d\u00f3nde est\u00e9s con 06.V\u00d3RTICE (tama\u00f1o mini). Si quieres aportar un cuidado extra a tu melena resguard\u00e1ndola del calor del secador y las planchas aplica\u00a0<a href=\"https:\/\/www.extensionmania.com\/tienda\/producto\/protector-termico-extensiones-cabello\/\">04.HURAC\u00c1N<\/a>.<\/p>\n<p><strong>Si tienes dudas, escr\u00edbenos a nuestro <a href=\"https:\/\/api.whatsapp.com\/send\/?phone=34638132845&amp;text&amp;type=phone_number&amp;app_absent=0\">whatsapp<\/a> o <a href=\"mailto:info@extensionmania.com\">info@extensionmania.com<\/a> y una estilista especializada te atender\u00e1 personalmente para resolver todas tus dudas.<\/strong><\/p>\n<hr \/>\n<p style=\"font-size: 18px;\"><strong>Ficha t\u00e9cnica<\/strong><\/p>\n<p><strong><span style=\"color: #9e8b66;\">CARACTER\u00cdSTICAS:<\/span><\/strong><br \/>\n\u00b7 Perfecto para un brillo de alto impacto.<br \/>\n\u00b7 Hidrata y nutre las puntas partidas.<br \/>\n\u00b7 Neutraliza los reflejos amarillos aportando a los cabellos un reflejo brillante, homog\u00e9neo y fr\u00edo.<br \/>\n\u00b7 Dise\u00f1ado para cabellos rubios, con <em>balayage<\/em>, grises o decolorados.<br \/>\n\u00b7 Resultados profesionales.<br \/>\n\u00b7 No testado en animales.<\/p>\n<p><span class=\"OYPEnA text-decoration-none text-strikethrough-none\">INGREDIENTS: AQUA, CETEARYL ALCOHOL, BEHENTRIMONIUM CHLORIDE, CETRIMONIUM CHLORIDE, COCOGLUCOSIDE, GLYCERYL OLEATE, POLYQUATERNIUM-7, GLYCERIN, ISOPROPYL MIRYSTATE, PARFUM, DISODIUM EDTA, PHENOXYETHANOL, ETHYLHEXYLGLYCERIN, C.I. 60730.<\/span><\/p>\n","protected":false},"excerpt":{"rendered":"<p style=\"font-size: 18px;\"><strong> \u00a1Diles adi\u00f3s a los reflejos amarillos y hola al rubio radiante con 05.EN UNA NUBE!<br \/>\nLa mascarilla azul para extensiones que neutraliza, repara y aporta brillo en una sola aplicaci\u00f3n.<\/strong><\/p>\n<p style=\"font-size: 18px;\">Cabello rubio con mechas o extensiones que se tornan amarillentos? 05.EN UNA NUBE es la soluci\u00f3n perfecta para mantener tu melena rubia radiante y libre de reflejos indeseados.<\/p>\n<p style=\"font-size: 18px;\">Esta mascarilla azul est\u00e1 especialmente formulada para cabellos rubios naturales y con extensiones. Su f\u00f3rmula con pigmento azul neutraliza eficazmente los tonos dorados no deseados, mientras que sus principios activos reparan y nutren el cabello en profundidad, aport\u00e1ndole un brillo intenso y saludable.<\/p>\n","protected":false},"featured_media":9191,"comment_status":"open","ping_status":"closed","template":"","meta":[],"product_brand":[],"product_cat":[229,20],"product_tag":[],"class_list":{"0":"post-383","1":"product","2":"type-product","3":"status-publish","4":"has-post-thumbnail","6":"product_cat-productos-exm","7":"product_cat-cuidado-del-cabello","9":"first","10":"instock","11":"taxable","12":"shipping-taxable","13":"purchasable","14":"product-type-simple"},"_links":{"self":[{"href":"https:\/\/www.extensionmania.com\/tienda\/wp-json\/wp\/v2\/product\/383","targetHints":{"allow":["GET"]}}],"collection":[{"href":"https:\/\/www.extensionmania.com\/tienda\/wp-json\/wp\/v2\/product"}],"about":[{"href":"https:\/\/www.extensionmania.com\/tienda\/wp-json\/wp\/v2\/types\/product"}],"replies":[{"embeddable":true,"href":"https:\/\/www.extensionmania.com\/tienda\/wp-json\/wp\/v2\/comments?post=383"}],"version-history":[{"count":0,"href":"https:\/\/www.extensionmania.com\/tienda\/wp-json\/wp\/v2\/product\/383\/revisions"}],"wp:featuredmedia":[{"embeddable":true,"href":"https:\/\/www.extensionmania.com\/tienda\/wp-json\/wp\/v2\/media\/9191"}],"wp:attachment":[{"href":"https:\/\/www.extensionmania.com\/tienda\/wp-json\/wp\/v2\/media?parent=383"}],"wp:term":[{"taxonomy":"product_brand","embeddable":true,"href":"https:\/\/www.extensionmania.com\/tienda\/wp-json\/wp\/v2\/product_brand?post=383"},{"taxonomy":"product_cat","embeddable":true,"href":"https:\/\/www.extensionmania.com\/tienda\/wp-json\/wp\/v2\/product_cat?post=383"},{"taxonomy":"product_tag","embeddable":true,"href":"https:\/\/www.extensionmania.com\/tienda\/wp-json\/wp\/v2\/product_tag?post=383"}],"curies":[{"name":"wp","href":"https:\/\/api.w.org\/{rel}","templated":true}]}}