{"id":340,"date":"2022-04-19T12:26:38","date_gmt":"2022-04-19T11:26:38","guid":{"rendered":"https:\/\/www.extensionmania.com\/?post_type=product&#038;p=340"},"modified":"2026-05-01T12:04:20","modified_gmt":"2026-05-01T10:04:20","slug":"champu-extensiones-cabello","status":"publish","type":"product","link":"https:\/\/www.extensionmania.com\/tienda\/producto\/champu-extensiones-cabello\/","title":{"rendered":"01.tormenta champu 250ml"},"content":{"rendered":"<p>El champ\u00fa para extensiones de cabello 01.TORMENTA combate estos efectos al limpiar suavemente el cuero cabelludo y la melena, eliminando las impurezas y dej\u00e1ndolos libres de residuos. Formulado con componentes puros, mantiene tu cabello brillante y saludable.<\/p>\n<p>Los productos de acabado, como lacas o espumas, junto con el agua con alto contenido mineral y las impurezas del medio ambiente, pueden acumular residuos en la cut\u00edcula de tu cabello, causando que tu melena luzca opaca y sin vida.<\/p>\n<p>Este champ\u00fa se destaca por prolongar la limpieza de tus extensiones, proporcionando un tacto a\u00e9reo y \u00fanico desde la primera aplicaci\u00f3n.<\/p>\n<h2><strong><span style=\"color: #9e8b66;\">\u00bfC\u00f3mo usar el champ\u00fa para extensiones?<\/span><\/strong><\/h2>\n<ol>\n<li>Moja el cabello cuidadosamente con agua tibia y no demasiado caliente.<\/li>\n<li>Aplica y masajea el champ\u00fa 01.TORMENTA, dej\u00e1ndolo actuar al menos un minuto.<\/li>\n<li>Enjuaga bien y contin\u00faa con tu rutina habitual de cuidado capilar.<\/li>\n<\/ol>\n<p><strong><span style=\"color: #9e8b66;\">DESCUBRE EL RITUAL PARA EL <a href=\"https:\/\/www.extensionmania.com\/tienda\/categoria-producto\/cuidado-del-cabello\/\">CUIDADO DEL CABELLO<\/a>:<\/span><\/strong><\/p>\n<p>Usar 01.TORMENTA junto a\u00a0<a href=\"https:\/\/www.extensionmania.com\/tienda\/producto\/mascarilla-especial-extensiones\/\"><span class=\"JsGRdQ\">02.ECLIPSE. <\/span><\/a>\u00a0Si tienes el cabello rubio y quieres matizarlo, puedes alternar\u00a0 01.TORMENTA con <a href=\"https:\/\/www.extensionmania.com\/tienda\/producto\/mascarilla-azul-para-rubias\/\">05.EN UNA NUBE<\/a> \u00a0finalizando siempre con\u00a0<a href=\"https:\/\/www.extensionmania.com\/tienda\/producto\/serum-especial-extensiones\/\"><span class=\"JsGRdQ\">04.OLA DE SOL<\/span><\/a>.<\/p>\n<p><strong><span style=\"color: #9e8b66;\">IMPORTANTE:<\/span><\/strong>\u00a0el cabello mojado gana elasticidad y se rompe con mayor facilidad. Te recomendamos desenredar siempre el cabello en seco de medios a puntas con el cepillo\u00a0<a href=\"https:\/\/www.extensionmania.com\/tienda\/producto\/cepillo-extensiones-profesional-06-vortice-tamano-grande\/\">06.V\u00d3RTICE<\/a> y est\u00e9s d\u00f3nde est\u00e9s con 06.V\u00d3RTICE (tama\u00f1o mini).<\/p>\n<p><strong>Si tienes dudas, escr\u00edbenos a nuestro <a href=\"https:\/\/api.whatsapp.com\/send\/?phone=34638132845&amp;text&amp;type=phone_number&amp;app_absent=0\">whatsapp<\/a> o <a href=\"mailto:info@extensionmania.com\">info@extensionmania.com<\/a> y una estilista especializada te atender\u00e1 personalmente para resolver todas tus dudas.<\/strong><\/p>\n<hr \/>\n<p style=\"font-size: 18px;\"><strong>Ficha t\u00e9cnica<\/strong><\/p>\n<p><strong><span style=\"color: #9e8b66;\">TAMA\u00d1O:<\/span>\u00a0<\/strong>250 ml.<\/p>\n<p><strong><span style=\"color: #9e8b66;\">CARACTER\u00cdSTICAS:<\/span><br \/>\n<\/strong><\/p>\n<p>\u00b7F\u00f3rmula suave que restablece el brillo natural del cabello y equilibra su salud.<\/p>\n<p>\u00b7Previene la sequedad del cuero cabelludo.<\/p>\n<p>\u00b7Jab\u00f3n suave para resultados impecables.<\/p>\n<p>\u00b7Resultados profesionales garantizados.<\/p>\n<p>\u00b7No testado en animales.<\/p>\n<p><span class=\"OYPEnA text-decoration-none text-strikethrough-none\">INGREDIENTS: AQUA, TEA LAURYL SULFATE, COCAMIDE DEA, SODIUM LAURETH SULFATE, SODIUM CHLORIDE, COCAMIDOPROPYL BETAINE, PEG-15 COCOPOLYAMINE, PARFUM, PHENOXYETHANOL, ETHYLHEXYLGLYCERIN, CITRIC ACID.<\/span><\/p>\n","protected":false},"excerpt":{"rendered":"<p style=\"font-size: 18px;\"><strong>Desp\u00eddete de los residuos y dale nueva vida a tu cabello con nuestro champ\u00fa especial para extensiones!<\/strong><\/p>\n<p style=\"font-size: 18px;\">champ\u00fa 01.TORMENTA limpia suavemente, dejando tu melena radiante y saludable. Descubre c\u00f3mo mantener tus extensiones limpias y vibrantes con tan solo una aplicaci\u00f3n.<\/p>\n","protected":false},"featured_media":9190,"comment_status":"open","ping_status":"closed","template":"","meta":[],"product_brand":[],"product_cat":[229,20],"product_tag":[],"class_list":{"0":"post-340","1":"product","2":"type-product","3":"status-publish","4":"has-post-thumbnail","6":"product_cat-productos-exm","7":"product_cat-cuidado-del-cabello","9":"first","10":"instock","11":"taxable","12":"shipping-taxable","13":"purchasable","14":"product-type-simple"},"_links":{"self":[{"href":"https:\/\/www.extensionmania.com\/tienda\/wp-json\/wp\/v2\/product\/340","targetHints":{"allow":["GET"]}}],"collection":[{"href":"https:\/\/www.extensionmania.com\/tienda\/wp-json\/wp\/v2\/product"}],"about":[{"href":"https:\/\/www.extensionmania.com\/tienda\/wp-json\/wp\/v2\/types\/product"}],"replies":[{"embeddable":true,"href":"https:\/\/www.extensionmania.com\/tienda\/wp-json\/wp\/v2\/comments?post=340"}],"version-history":[{"count":0,"href":"https:\/\/www.extensionmania.com\/tienda\/wp-json\/wp\/v2\/product\/340\/revisions"}],"wp:featuredmedia":[{"embeddable":true,"href":"https:\/\/www.extensionmania.com\/tienda\/wp-json\/wp\/v2\/media\/9190"}],"wp:attachment":[{"href":"https:\/\/www.extensionmania.com\/tienda\/wp-json\/wp\/v2\/media?parent=340"}],"wp:term":[{"taxonomy":"product_brand","embeddable":true,"href":"https:\/\/www.extensionmania.com\/tienda\/wp-json\/wp\/v2\/product_brand?post=340"},{"taxonomy":"product_cat","embeddable":true,"href":"https:\/\/www.extensionmania.com\/tienda\/wp-json\/wp\/v2\/product_cat?post=340"},{"taxonomy":"product_tag","embeddable":true,"href":"https:\/\/www.extensionmania.com\/tienda\/wp-json\/wp\/v2\/product_tag?post=340"}],"curies":[{"name":"wp","href":"https:\/\/api.w.org\/{rel}","templated":true}]}}